12 - 11 - 11) + (-458 - -469)
-23
Calculate -94 - (5 - (16 - -64)).
-19
What is (1 + -16 - 0) + (60 + -23 - 23) + -107?
-108
Evaluate 41 - 2 - (37 - 21 - 21) - 11.
33
Calculate (2161 - 2151) + (0 - 51).
-41
(66 - 38) + 48 + -14
62
Calculate (23 - (32 + -46)) + -30 - (-34 + -1 + 0).
42
22 - (-10 - -58 - 21)
-5
What is the value of -2 - (6 - 13) - -5 - (18 + -13 + -24)?
29
-41 + (-7 - (8 - 19 - -22)) + -5
-64
What is the value of -21 + (-4 - 12) + 4 - 12?
-45
Calculate -29 + -1 + -1 + 2 + (-890 - -902).
-17
Calculate -117 + 116 + -18 - -17.
-2
What is the value of 2 + -2 + -26 + -292 + (595 - 292)?
-15
What is the value of -27 + (-7 - -7) + -16 + -4 + 21 + -12?
-38
-9 + (0 - 10 - (12 + -20 - 60) - -8)
57
Evaluate 18 - ((8 - 25) + -182 + 153).
64
What is the value of (-4 - 82 - (14 + -29 + 4)) + (5 - 3)?
-73
Evaluate 1 + -26 - (3692 - 3705).
-12
What is 1 + 19 + -468 + 457 + 2 + (-1 - 72)?
-62
-72 + (15 + -25 - (8 + -12 - 2))
-76
What is -19 + (59 - 44) + 23?
19
What is the value of 11 + 0 + (6 + 2 - (193 + -66 + -11))?
-97
What is the value of -86 - (-19 + 12 + -72)?
-7
Calculate 33 + -36 - (-1 - (-5 + 3 + 10) - -5).
1
Evaluate 79 + 7 + -2 + 0 + (11 + -4 - 18).
73
Calculate 0 + 11 + 0 + (-103 - -63 - -46).
17
What is (239 - 241) + 0 + 20 + -15?
3
Evaluate ((4 - -5) + -3 - -69 - (-9 + -1)) + -4.
81
What is the value of (69 - -1) + -9 + (39 - 2) + -37?
61
What is the value of 0 + 109 - 116 - ((0 - 1) + 62)?
-68
Calculate 0 - 2 - (-11 - -2) - (11260 + -11247) - 34.
-40
What is 0 - -12 - ((16 - 2) + -52 + -11 - -14)?
47
Calculate 29 + -69 - 9 - -16.
-33
Calculate 11 - -75 - (50 + -23 + 1).
58
-12 - (-12 - (111 - 33))
78
What is 41 + (29 - 105) - 7?
-42
(3 + 15 - 4) + (-89 + 40 - -103)
68
What is -5 + 4 - (36 + (-2 - 13) + 16 + -8)?
-30
Calculate (-2 - (11 - -3 - 15)) + -3.
-4
What is the value of -100 + (99 - 5) + 14 + 1 - -6?
15
Calculate -12 + -10 - (-18 + (-1 - (-5 + -6))).
-14
What is (1 - -11) + (27 - 38 - -4)?
5
What is the value of -117 + (159 - 142) - (0 - -11)?
-111
Evaluate 34 + -66 + 17 - ((-119 - 7) + -5).
116
(-28 - -21 - -19 - 31) + 70
51
Calculate 11 + (-21 - 42) - (-4 + -6 + -8).
-34
Calculate -2386 + 2501 - (2 - -74).
39
(-16 - (-75 + 67)) + (2 - (-55 - 2) - 3)
48
1 - -20 - (426 - 406) - 78
-77
-9 - (11 - (10 + 2)) - (-45 - 1)
38
8 - -30 - (94 + 3) - 21
-80
What is the value of 6 + (3 - (17 + -4)) + 46 + (9 - 6)?
45
Calculate 39 + -30 - (-1 - -14).
-4
What is -35 + (42 - (-5 + 2))?
10
Calculate (-7 - (-14 + 12)) + (4 - (2 - (-2 - 5))).
-10
What is 8 - (33 + -3 + 0 + (6 - -1) + -7)?
-22
What is 5 - 19 - -15 - (13 - 4) - -45?
37
What is 18 - (49 + -51 - 35)?
55
36 - (83 + -47 + 24)
-24
What is the value of 11 - (-23 - -33 - (1 + (5 - 2) + 2))?
7
What is (7 - 8 - 54) + (0 - -2) + 6?
-47
What is -17 + (14 - 1) + 50 + -94?
-48
What is the value of -6 + 4 + (-107 - -176) - (-1 + 2 + -7)?
73
Evaluate (-116 + 67 - -109) + -4.
56
0 + 71 + (69 - 83)
57
What is (-33 - (62 - 40)) + 27?
-28
(4 - 5) + 25 + (-20 - (-22 + 20))
6
What is the value of (15 + -30 - -32) + 117 - (10 - (9 - -12))?
145
Evaluate -84 - (-15 + 56 - 88 - -20).
-57
(5 - 11) + -4 - (-698 + 659)
29
(-62 - 18) + 15 + 6
-59
What is 28 - (-46 - (-55 + 44))?
63
What is (-1 - 22) + (488 - 457) + -1 + 72?
79
Evaluate 37 - (-53 + 109 + 36).
-55
Evaluate (177 + -76 + -83 - 33) + (3 - 2) + -54.
-68
(44 + (-37 - -25) - 24) + -62
-54
35 + (34 - (56 + -5))
18
(-11 - (7 - 21)) + (-8 - (7 - 1))
-11
14 + -52 + -16 + 118
64
Evaluate (40 - 19) + -12 + -21 + -5.
-17
What is (-3 - (-46 + 86)) + (-1 - 10)?
-54
Calculate -11 + -42 + (14 - 3 - 0).
-42
What is the value of -13 + 39 + -23 + -14 - -26?
15
What is the value of 13 + (-16 + 18 - 0) + -15 - -32?
32
What is the value of 57 + ((18 - 6) + -11 - (-3 - (0 + -10)))?
51
Calculate 223 + -65 + -136 + 10 + 3 + -1.
34
What is 0 + -5 - (-1347 + 1376)?
-34
-72 - -127 - ((28 - (-5 - -9)) + -9)
40
What is 71 + (6 - 62) - (2 + (31 - -4))?
-22
-13 + (-16 - -24 - 9) + 15 + 99
100
-17 - -5 - (26 + -18 + -15)
-5
What is the value of (-1 + 3 - (77 - (123 - 43))) + -15?
-10
-64 + (3 - 7) + 21 + 3
-44
Evaluate 71 - (11 + 13 + -47).
94
What is the value of (1 - 0) + (-183 - -180 - (-1 + -57))?
56
2 - 0 - (-35 + 47 + -19 - -18)
-9
What is the value of -105 + 1 + 51 + 10?
-43
What is (716 - 711) + -29 + 1 - 48?
-71
Calculate (-14 - (16 + (-3 - (5 - 0)))) + 7 + -3.
-18
Evaluate (-59 - -52) + -6 + -3 + -2 + -3.
-21
Evaluate (14 + -21 + -14 - -7) + -6.
-20
8 + -1 + 27 + (3 - 12) + (5 - -2)
32
What is 16 - 0 - (164 + -190)?
42
(41 - 54) + (5 - (-1 + 3)) - (-48 + -3)
41
What is the value of 2 - 13 - (14 - 1 - (27 - -12))?
15
Evaluate 151 - 132 - (6 - 39 - 6).
58
What is the value of -71 + 145 - 50 - 11?
13
Evaluate -2 + -7 + 22 + -55 + 22.
-20
Calculate -47 - ((35 - 23) + -18 - 0).
-41
Calculate (3 - (-22 - (17 + -21))) + -63.
-42
-34 - ((26 - 8) + -30) - 43
-65
Calculate 2 + 0 + 41 + -32 + -3.
8
What is the value of (64 - (6 - -16 - 13)) + -2 + -9 - 7?
37
What is 118 - -1 - (39 - (-12 - -26) - (10 - -19))?
123
-835 + (1255 - 405) - (-1 + (-1 - -1) + -26)
42
Calculate 21 - (-15 - -13) - 58.
-35
Evaluate -5 + 49 + (-1 - (55 + -28)).
16
What is (-1 - 4) + (-92 - -57 - ((1 - -8) + -20))?
-29
What is (8 - -33) + (123 - (-16 + 39))?
141
What is the value of 22 - (-8 - (-46 - 11)) - (5 - 5)?
-27
Calculate -23 + 53 + (14 - 5) - (-1 + -6).
46
Calculate -7 + (0 + 8 - (136 + -135)) - 38.
-38
What is -10 - (-91 - -85) - -10?
6
Evaluate -38 + 0 + 1 - (59075 - 59051).
-61
Evaluate 50 - -33 - 92 - (-10 - 0).
1
Evaluate 189 + -44 + (-131 - -76).
90
Evaluate -5464 - -5488 - (90 - -2).
-68
540 + -545 + 2 + 0 + -5 + (1 - -4)
-3
Calculate (11 - (-1 + 4)) + 3 - (76 - (-6 + 2)).
-69
What is the value of (1770 - 1787) + 5 + (-3 - -7)?
-8
Evaluate -705 - -678 - (1 + -12).
-16
Evaluate (-35 - 24 - -35) + (61 - -5).
42
Evaluate 0 + 2 - (26 + (-5 - -5)) - (-26 + 32).
-30
What is the value of 14 - (19 - (-6 - -45))?
34
-64 + 49 + (3 - (5 + -8))
-9
What is (29 + -73 - 8) + 18 + -1?
-35
Calculate (-15 - (-20 + 2 + -21 + 35)) + 1 + 1.
-9
Evaluate -1 - -7 - (-32 + 21 - -11 - (84 - 0)).
90
What is 6 - ((-11 - 4 - 2) + 2 + 4 + -17)?
34
What is 6343 + -6404 + (143 - 0)?
82
What is the value of (-11 + 13 + 7 + -7 - 37) + 15?
-20
Evaluate (6 - 2) + 0 + (2 - -29 - -25).
60
Evaluate -35 - -3 - 0 - (57 + -48 + 2).
-43
115 + 56 + -68 - 0
103
What is the value of (-33 - -55 - 23) + -20?
-21
Calculate 13 - (-6 - (4 + -9) - -12 - 7).
9
Calculate -33 + -20 + 18 - (3 + -2).
-36
14 + (-31 + -2 - -6) - (3 + (2 - -1))
-19
Evaluate -34 + -11 + (-2 + 8 - 25 - -13).
-51
What is -11 + -1 - ((-29 - -49) + 3 - 15)?
-20
What is the value of (54 - 47 - 48) + 22?
-19
Calculate -42 - -72 - -10 - 47.
-7
Calculate 11 + (-11 - 2) + -24 + 0 + 13.
-13
Calculate 19 + -44 - (101 + -97).
-29
Evaluate 31 - (36 + 5 + 20 + -40) - 15.
-5
(-62 - (83 + -75)) + 21
-49
What is 81 - (-54 - (-187 + 72))?
20
Evaluate -54 + 76 + -37 - (5 + 6).
-26
What is the value of -6 + 0 + 8 + 10 - (54 + (15 - 16))?
-41
What is the value of 22 + -48 + 46 - 20?
0
What is (-23 - 65) + 87 - (-8 + 1) - -47?
53
Evaluate -4 - -158 - (-3782 + 4046).
-110
What is the value of (0 - -18) + (-5 - (26 + -8))?
-5
Evaluate (18 - 0) + (-25 - -33 - 56 - 6).
-36
What is 418 + -400 + (-14 + 1 - -2)?
7
(19 + -53 - -52) + (0 - 9)
9
Calculate 3 - (16 + -7) - -9 - 1 - (-10 - 6).
18
What is the value of -1 + 0 + (-3 - (25 + 2 + 23))?
-54
Calculate (-11 + -8 - 34) + 15.
-38
Evaluate 0 - (-7 + (1 - 2) - (546 - 515)).
39
Calculate 1 + -13 - ((16 - (11 - 6)) + -8).
-15
Calculate -5 + (-136 - -3 - (-7 - -9 - 22)).
-118
What is (18 - 5 - 6) + (-11 - (-2 - -11))?
-13
83 + (-12 - (15 + (-8 - 5))) + 10 + 7
86
-6 - 3 - (2 + (-1 - 9)) - -12
11
Calculate (-1 - -11) + (61 - 94) + (-4 - 0) + -7.
-34
(-15 - -2) + (-45 - -67 - -4)
13
What is 25 + -64 + (91 - 30)?
22
Evaluate (-6 - ((-15 - -3) + 9)) + (4 - (6 + 3)).
-8
Calculate 5 + 4 + 61 - (-3 + 14) - (2 - -1).
56
Evaluate -15 - -69 - (9 - (5 - 14)).
36
Evaluate -11 - (-37 + 35 + (3 - 7)) - (-6 + 87).
-86
What is -110 - (650 - 642 - (3 + 10))?
-105
62 - ((2 - (-12 - -1)) + (408 - 407))
48
What is the value of (-2 + -2 - (-65 + 17)) + 114 + -129?
29
Evaluate -5263 + 5266 - ((1 - 0) + 16).
-14
Evaluate -13 + 1 + 0 - (-218 - -245 - (-4 - -59)).
